15?
3936
What is -21110 (base 3) in base 6?
-533
-1403025 (base 6) to base 4
-103021121
Convert -244220 (base 5) to base 14.
-3570
Convert -127 (base 11) to base 10.
-150
-17253 (base 9) to base 13
-5535
What is 2df5 (base 16) in base 5?
334030
Convert 12f (base 16) to base 5.
2203
What is -1000111100110100 (base 2) in base 3?
-1212021210
Convert -21010 (base 6) to base 3.
-10212020
Convert 18c (base 15) to base 9.
436
-811 (base 9) to base 15
-2dd
Convert 111210122 (base 3) to base 8.
23515
11100010100 (base 2) to base 9
2433
Convert 101001100000 (base 2) to base 4.
221200
1110111101110 (base 2) to base 12
4526
What is -1a5 (base 12) in base 7?
-533
Convert -5a619 (base 11) to base 9.
-142626
Convert 48c (base 16) to base 3.
1121010
Convert 534 (base 9) to base 7.
1162
Convert a6 (base 12) to base 11.
105
Convert 2167 (base 11) to base 3.
10220210
Convert -345 (base 13) to base 7.
-1434
What is 11215 (base 8) in base 16?
128d
Convert 21211 (base 4) to base 6.
2501
Convert 10210310 (base 4) to base 14.
6b88
What is -3b15 (base 13) in base 14?
-312c
Convert 5244 (base 8) to base 6.
20340
What is -414 (base 15) in base 7?
-2452
What is 2597 (base 10) in base 8?
5045
-1201 (base 8) to base 14
-33b
-3418 (base 9) to base 6
-15412
Convert -615 (base 14) to base 6.
-5311
What is 53400 (base 6) in base 9?
10870
-7424 (base 9) to base 5
-133244
What is 105 (base 14) in base 4?
3021
10101010 (base 3) to base 4
212130
1413 (base 8) to base 13
47c
-122020012 (base 3) to base 5
-400220
What is -1213301 (base 4) in base 14?
-25c5
What is 33334 (base 7) in base 14?
30c4
Convert 1547 (base 10) to base 4.
120023
What is 1210000 (base 3) in base 15?
5b6
What is 532 (base 8) in base 11?
295
-4366 (base 8) to base 9
-3128
Convert -5255 (base 7) to base 13.
-ac7
-41410 (base 9) to base 2
-110101010101010
What is -20000 (base 3) in base 7?
-321
What is 340123 (base 5) in base 2?
10111010001001
What is 37 (base 9) in base 6?
54
-b3a (base 12) to base 8
-3136
100111101000001 (base 2) to base 7
113103
Convert 6697 (base 16) to base 2.
110011010010111
Convert -403431 (base 5) to base 13.
-5bb4
What is 259 (base 12) in base 16?
165
Convert -10a6 (base 13) to base 4.
-210131
-1556 (base 12) to base 6
-15350
What is -1a1a (base 14) in base 9?
-6433
-7a9 (base 14) to base 5
-22041
What is -131111 (base 4) in base 8?
-3525
1011120 (base 3) to base 4
31110
What is 237a (base 12) in base 7?
14416
Convert -13200 (base 4) to base 13.
-2ac
Convert a27 (base 16) to base 2.
101000100111
What is dbc8 (base 14) in base 15?
b3d9
-5023 (base 6) to base 11
-906
What is 10010011111 (base 2) in base 16?
49f
What is -10142 (base 7) in base 4?
-212300
Convert -118 (base 16) to base 6.
-1144
Convert -22c5 (base 14) to base 2.
-1011110100101
What is 9a5 (base 11) in base 16?
4b4
-3818 (base 11) to base 6
-35020
What is 30442 (base 7) in base 16?
1d05
Convert 351 (base 6) to base 7.
256
What is -1182 (base 9) in base 15?
-3de
What is -4678 (base 10) in base 12?
-285a
-10000010 (base 2) to base 9
-154
What is 14452 (base 9) in base 8?
23170
-672 (base 11) to base 7
-2230
Convert -5306 (base 7) to base 14.
-976
Convert -10122221 (base 3) to base 6.
-20211
What is 34111 (base 5) in base 2?
100101100110
Convert 143 (base 11) to base 8.
250
What is 366 (base 11) in base 3?
121010
156 (base 15) to base 13
1a7
What is 18407 (base 13) in base 10?
46820
What is -1000221 (base 3) in base 12?
-52a
What is -48a3 (base 11) in base 9?
-8706
-10011001001 (base 2) to base 4
-103021
-35010 (base 6) to base 8
-11556
What is -12c (base 16) in base 12?
-210
-10001101 (base 2) to base 3
-12020
Convert 4629 (base 10) to base 4.
1020111
What is 1352 (base 10) in base 14?
6c8
Convert -22020 (base 4) to base 9.
-800
Convert 110110 (base 4) to base 7.
3535
What is 13201 (base 4) in base 7?
1255
What is -537 (base 15) in base 6?
-5241
1412 (base 7) to base 3
202022
-24 (base 12) to base 15
-1d
Convert -271 (base 13) to base 9.
-527
-303123 (base 4) to base 11
-2522
120222220 (base 3) to base 6
125553
-c1 (base 14) to base 15
-b4
What is -22312 (base 6) in base 12?
-1998
-2101121 (base 3) to base 6
-12024
Convert 3a4 (base 12) to base 9.
677
6175 (base 8) to base 4
301331
-3035 (base 6) to base 14
-35d
Convert -2624 (base 16) to base 14.
-37b6
Convert -70430 (base 10) to base 15.
-15d05
25a3 (base 13) to base 5
132442
Convert -8c (base 15) to base 2.
-10000100
-1101000010101 (base 2) to base 8
-15025
Convert -17 (base 10) to base 11.
-16
Convert 33 (base 10) to base 2.
100001
615 (base 14) to base 3
1122021
Convert -1075 (base 11) to base 10.
-1413
Convert -2856 (base 11) to base 2.
-111001101011
7a (base 12) to base 10
94
Convert -102022 (base 5) to base 14.
-133d
2341234 (base 5) to base 15
cc7e
Convert -35684 (base 10) to base 2.
-1000101101100100
What is 1110010011111 (base 2) in base 6?
53531
Convert 336 (base 8) to base 16.
de
What is -289 (base 10) in base 5?
-2124
66303 (base 8) to base 10
27843
Convert -33601 (base 8) to base 4.
-3132001
What is -2323111 (base 5) in base 10?
-42281
What is 9364 (base 12) in base 3?
211000211
What is -869 (base 13) in base 15?
-65e
-2013201 (base 4) to base 14
-3237
443324 (base 6) to base 11
25931
Convert -5184 (base 9) to base 4.
-323122
-8692 (base 12) to base 5
-433143
-281 (base 11) to base 2
-101001011
What is -17a7 (base 16) in base 14?
-22c7
-263 (base 13) to base 15
-1ce
What is 1402 (base 6) in base 7?
1025
What is -10545 (base 7) in base 2?
-101001110111
What is -5050 (base 7) in base 13?
-a48
Convert 2002 (base 4) to base 2.
10000010
What is 1100100 (base 3) in base 4?
33111
What is -5079 (base 15) in base 13?
-796b
What is 1122211 (base 3) in base 8?
2272
Convert 245 (base 7) to base 5.
1011
What is 1110111101010 (base 2) in base 12?
4522
What is 2455 (base 6) in base 11?
506
What is -48 (base 11) in base 9?
-57
What is 36 (base 11) in base 14?
2b
532d (base 14) to base 6
150233
-1010101 (base 3) to base 4
-30310
3550 (base 7) to base 10
1309
What is 4e4 (base 15) in base 12?
78a
Convert -2ca (base 15) to base 11.
-532
Convert 101102 (base 4) to base 12.
782
-24054 (base 9) to base 12
-9387
79e (base 16) to base 11
1513
123530 (base 7) to base 8
54570
Convert -612 (base 10) to base 5.
-4422
-78b (base 15) to base 14
-89c
Convert 7312 (base 9) to base 11.
4030
Convert -10000010110 (base 2) to base 15.
-49b
1257 (base 9) to base 8
1657
9c4 (base 14) to base 2
11110010000
What is 2716 (base 8) in base 7?
4222
Convert -b (base 14) to base 8.
-13
12114 (base 6) to base 7
5113
230 (base 12) to base 8
504
-7782 (base 15) to base 13
-b6ab
-b976 (base 13) to base 10
-25785
-11477 (base 8) to base 4
-1030333
-8471 (base 11) to base 9
-16335
What is 3027 (base 11) in base 4?
332312
-3370 (base 10) to base 15
-eea
What is 1166 (base 16) in base 3?
20002222
1143 (base 8) to base 2
1001100011
What is 6c (base 14) in base 13?
75
What is -31000 (base 5) in base 13?
-bab
-3211 (base 6) to base 8
-1327
What is -40 (base 5) in base 13?
-17
What is -2322 (base 4) in base 6?
-510
What is -135315 (base 6) in base 10?
-12863
What is -30368 (base 10) in base 2?
-111011010100000
Convert -31403 (base 5) to base 4.
-200313
Convert -10000000001110001 (base 2) to base 5.
-4100044
What is -10023 (base 10) in base 13?
-4740
-47542 (base 10) to base 4
-23212312
Convert 180 (base 12) to base 11.
1a9
What is -41565 (base 7) in base 13?
-4878
2172 (base 15) to base 12
4122
-12425 (base 8) to base 13
-25c2
-323 (base 6) to base 13
-96
Convert -4d (base 16) to base 7.
-140
Convert 225 (base 14) to base 11.
357
What is 10231 (base 4) in base 15?
151
What is 4431 (base 5) in base 7?
1540
134 (base 16) to base 12
218
152 (base 15) to base 12
212
-61 (base 11) to base 2
-1000011
Convert -a7 (base 12) to base 14.
-91
Convert -218 (base 13) to base 4.
-11213
What is 30331 (base 5) in base 4?
132232
What is -426 (base 14) in base 10?
-818
172d (base 16) to base 4
1130231
1205 (base 13) to base 3
10111002
10110001100011 (base 2) to base 16
2c63
Convert -21120000 (base 3) to base 2.
-1010110000100
Convert -11011101101001 (base 2) to base 13.
-65c2
What is 3549 (base 12) in base 11?
452a
What is 78011 (base 9) in base 13?
1a743
What is -43253 (base 8) in base 15?
-5561
Convert -2000 (base 4) to base 15.
-8